site?
False
Is 75638717419 composite?
False
Is 1410750983 a prime number?
True
Is 4849298681 a prime number?
True
Is 2551839401 composite?
False
Is 197804423 prime?
False
Is 29034290059 a composite number?
True
Is 453980669 composite?
True
Is 30412930709 composite?
True
Is 8168353129 a composite number?
False
Is 181640897 composite?
False
Is 46642442503 composite?
False
Is 2064586339 prime?
False
Is 209875737551 composite?
False
Is 6729075331 a composite number?
True
Is 74312283683 prime?
False
Is 14300097367 a composite number?
True
Is 841775061 a composite number?
True
Is 5324332073 a composite number?
True
Is 15007346143 a prime number?
True
Is 5897868893 composite?
True
Is 1217986738 a prime number?
False
Is 1715493151 prime?
True
Is 99029929 a composite number?
True
Is 17260704301 prime?
True
Is 769173305639 a prime number?
False
Is 63268573 composite?
False
Is 17521895159 a composite number?
True
Is 1817909887 composite?
True
Is 172338696713 a composite number?
False
Is 44932020823 prime?
True
Is 188456395 composite?
True
Is 20032017253 a composite number?
False
Is 5551555519 a prime number?
True
Is 9115180747 prime?
False
Is 10049328539 composite?
True
Is 12901776589 composite?
True
Is 10947397523 prime?
False
Is 27727709 prime?
True
Is 1070967211 a composite number?
False
Is 10869663055 prime?
False
Is 13983822551 a prime number?
False
Is 12443429597 a prime number?
True
Is 1459200889 a composite number?
True
Is 30630016969 a composite number?
False
Is 407531953 composite?
False
Is 23390225377 composite?
False
Is 13976508571 composite?
True
Is 3398665367 composite?
False
Is 1957933037 prime?
False
Is 5947079617 a composite number?
True
Is 685844891 composite?
False
Is 452353049 composite?
True
Is 2598678311 composite?
False
Is 1329248527 a composite number?
False
Is 6108007629 composite?
True
Is 11013799763 composite?
True
Is 80243250079 composite?
True
Is 128179423 composite?
False
Is 124817701 a prime number?
True
Is 526162367 composite?
False
Is 86741881 composite?
False
Is 742071137 composite?
False
Is 1432096829 a prime number?
True
Is 113055272119 composite?
True
Is 31506702013 a composite number?
True
Is 49417767569 a composite number?
True
Is 2124293177 a composite number?
False
Is 80410582797 prime?
False
Is 4124843771 a prime number?
True
Is 1206647227 composite?
False
Is 5665591339 a composite number?
False
Is 442095143 prime?
False
Is 6754351193 a composite number?
True
Is 2173622707 prime?
True
Is 8154202519 a composite number?
True
Is 733251989 a composite number?
False
Is 1597210039 a prime number?
False
Is 3881852561 a composite number?
False
Is 22108882 a composite number?
True
Is 197503723 a composite number?
False
Is 335608733 a prime number?
True
Is 61418445083 prime?
False
Is 910418779 prime?
False
Is 3468159971 composite?
False
Is 22123579 prime?
False
Is 6286825243 composite?
True
Is 38574487403 prime?
True
Is 5634362267 prime?
True
Is 1422075491 a prime number?
False
Is 2338457629 composite?
False
Is 94779411967 a composite number?
True
Is 1699982569 composite?
True
Is 8086335347 a composite number?
False
Is 4359440369 composite?
False
Is 18703838357 composite?
False
Is 1542550889 a prime number?
False
Is 14118418943 prime?
False
Is 3090146863 a prime number?
False
Is 37846453051 a composite number?
True
Is 55675767701 composite?
True
Is 3270044081 prime?
True
Is 5583360491 prime?
False
Is 83034653939 a prime number?
True
Is 155691493 a composite number?
True
Is 41686629001 composite?
True
Is 15140396561 composite?
True
Is 295188626 composite?
True
Is 25488113439 a composite number?
True
Is 246198367 prime?
False
Is 2917760239 composite?
True
Is 45266381051 a prime number?
True
Is 1074708213 a prime number?
False
Is 13903922113 a composite number?
False
Is 1072030147 a prime number?
True
Is 225002287 prime?
True
Is 20859754985 composite?
True
Is 1136417027 composite?
True
Is 3862921943 a prime number?
True
Is 2987347947 a prime number?
False
Is 8265596147 prime?
True
Is 39496022015 a composite number?
True
Is 1068899509 a composite number?
False
Is 168264271059 a prime number?
False
Is 1275056165 a prime number?
False
Is 20588621227 prime?
True
Is 41360115673 a composite number?
True
Is 266614681 a composite number?
False
Is 72801979 composite?
False
Is 3732931 prime?
True
Is 2964351983 a composite number?
False
Is 3205693573 composite?
True
Is 113910673 a prime number?
True
Is 1586996326 composite?
True
Is 5072772121 prime?
False
Is 256148327 composite?
False
Is 7898170327 composite?
True
Is 71574046471 composite?
True
Is 684492401 a composite number?
False
Is 34041957749 a prime number?
True
Is 1331810237 a composite number?
True
Is 71109539495 composite?
True
Is 19980775777 composite?
False
Is 1253166049 a prime number?
True
Is 17072052385 composite?
True
Is 390994806569 a prime number?
True
Is 248551019 a composite number?
False
Is 15820156199 composite?
True
Is 605639483 prime?
True
Is 16890479869 a prime number?
True
Is 147571678 prime?
False
Is 193118168813 composite?
False
Is 586416197 prime?
False
Is 2613587761 composite?
True
Is 2090261531 a composite number?
False
Is 17003525113 composite?
True
Is 238009033 composite?
False
Is 22563253 a prime number?
False
Is 2831613403 a prime number?
True
Is 35570257585 a prime number?
False
Is 7639498763 composite?
True
Is 694038899 composite?
False
Is 10346065 prime?
False
Is 422419517 a prime number?
False
Is 6470238989 a prime number?
True
Is 87953221 a composite number?
False
Is 6284824597 a composite number?
False
Is 8210237591 a composite number?
False
Is 52273763287 a composite number?
True
Is 248039005 a prime number?
False
Is 360398537 a prime number?
False
Is 103595282429 a prime number?
True
Is 31874553157 prime?
False
Is 3241578719 a prime number?
True
Is 1989941957 a composite number?
False
Is 1033870183 composite?
False
Is 12016337 composite?
False
Is 504392197 composite?
False
Is 8712219227 composite?
False
Is 17775041801 composite?
True
Is 13886831073 prime?
False
Is 24352562623 composite?
False
Is 1264691057 composite?
True
Is 3067639871 a composite number?
False
Is 568319209 a composite number?
False
Is 22141491235 a composite number?
True
Is 8104268681 composite?
False
Is 55294789889 a prime number?
True
Is 65280929489 a composite number?
False
Is 425843953 a composite number?
False
Is 1202187971 composite?
False
Is 11584781261 prime?
False
Is 164590301 composite?
False
Is 146488561 a prime number?
False
Is 73799017 composite?
False
Is 170831027 composite?
True
Is 12558884149 prime?
False
Is 30616637738 a composite number?
True
Is 1304267773 a prime number?
True
Is 80019253 prime?
False
Is 162322177 composite?
False
Is 82795208677 composite?
False
Is 427745093 prime?
False
Is 982268641 a composite number?
False
Is 14053120799 composite?
False
Is 2342829689 composite?
False
Is 8251124027 a composite number?
True
Is 22926023411 composite?
False
Is 3373172427 prime?
False
Is 346618861 prime?
False
Is 13061821651 prime?
True
Is 623264777 prime?
False
Is 751289261 composite?
False
Is 1584205597 a prime number?
False
Is 3287243123 a composite number?
True
Is 259545527 prime?
True
Is 9217014505 composite?
True
Is 59877541091 a prime number?
False
Is 94290695303 prime?
False
Is 664077097 prime?
True
Is 4250263183 a prime number?
True
Is 456020135 prime?
False
Is 34913519969 a composite number?
True
Is 3342192649 composite?
True
Is 45433470349 composite?
False
Is 30137341369 a composite number?
True
Is 21389244287 a prime number?
True
Is 63274886723 a prime number?
True
Is 5834222857 prime?
True
Is 10093044343 a composite number?
False
Is 147808951951 a prime number?
True
Is 317587987373 a composite number?
True
Is 241129781 prime?
True
Is 448619293 a composite number?
False
Is 426012133 a prime number?
False
Is 5524442409 a composite number?
True
Is 25663102183 a prime number?
True
Is 5806705291 composite?
True
Is 4414835609 composite?
False
Is 9555475133 a prime number?
True
Is 338625229 a prime number?
False
Is 554239265 composite?
True
Is 607252889 a prime number?
True
Is 544532291 composite?
True
Is 3298897057 a composite number?
False
Is 1084632047 a composite number?
True
Is 301485533 a prime number?
False
Is 1268291071 prime?
True
Is 3882729